der when 5026 is divided by 1354?
964
Calculate the remainder when 20344 is divided by 42.
16
Calculate the remainder when 8441 is divided by 4167.
107
What is the remainder when 274570 is divided by 87?
85
Calculate the remainder when 475155 is divided by 251.
12
What is the remainder when 2685 is divided by 260?
85
What is the remainder when 88538 is divided by 37?
34
Calculate the remainder when 8832 is divided by 8818.
14
Calculate the remainder when 69096 is divided by 899.
772
Calculate the remainder when 20125 is divided by 258.
1
Calculate the remainder when 12723 is divided by 121.
18
Calculate the remainder when 37144 is divided by 148.
144
What is the remainder when 413 is divided by 139?
135
What is the remainder when 8758 is divided by 683?
562
What is the remainder when 22187 is divided by 725?
437
What is the remainder when 4819 is divided by 484?
463
What is the remainder when 1322 is divided by 21?
20
What is the remainder when 18637 is divided by 165?
157
Calculate the remainder when 64803 is divided by 180.
3
Calculate the remainder when 47035 is divided by 23517.
1
Calculate the remainder when 4798 is divided by 240.
238
Calculate the remainder when 2562 is divided by 639.
6
Calculate the remainder when 1571 is divided by 25.
21
What is the remainder when 33763 is divided by 4806?
121
Calculate the remainder when 3527 is divided by 58.
47
What is the remainder when 3428 is divided by 622?
318
Calculate the remainder when 1849 is divided by 1770.
79
What is the remainder when 4208671 is divided by 302?
301
What is the remainder when 6795 is divided by 2254?
33
Calculate the remainder when 48497 is divided by 107.
26
Calculate the remainder when 71302 is divided by 71297.
5
What is the remainder when 132003 is divided by 449?
446
What is the remainder when 11536 is divided by 301?
98
Calculate the remainder when 86463 is divided by 14406.
27
What is the remainder when 1215623 is divided by 405201?
20
What is the remainder when 18446 is divided by 60?
26
What is the remainder when 202332 is divided by 123?
120
What is the remainder when 3001 is divided by 169?
128
What is the remainder when 132007 is divided by 446?
437
Calculate the remainder when 1223294 is divided by 59.
47
What is the remainder when 215444 is divided by 139?
133
What is the remainder when 1999 is divided by 519?
442
What is the remainder when 5988 is divided by 166?
12
Calculate the remainder when 43149 is divided by 2278.
2145
Calculate the remainder when 57657 is divided by 254.
253
What is the remainder when 92016 is divided by 30645?
81
Calculate the remainder when 603232 is divided by 863.
858
Calculate the remainder when 393449 is divided by 49181.
1
Calculate the remainder when 709 is divided by 476.
233
Calculate the remainder when 348114 is divided by 1507.
1504
What is the remainder when 1455 is divided by 351?
51
What is the remainder when 46884 is divided by 653?
521
What is the remainder when 3449881 is divided by 1149957?
10
What is the remainder when 49240 is divided by 13?
9
Calculate the remainder when 7368 is divided by 3674.
20
Calculate the remainder when 425 is divided by 96.
41
Calculate the remainder when 173875 is divided by 43466.
11
What is the remainder when 87749 is divided by 153?
80
Calculate the remainder when 1527311 is divided by 63.
2
What is the remainder when 28251 is divided by 28212?
39
Calculate the remainder when 1897 is divided by 578.
163
What is the remainder when 200551 is divided by 218?
209
Calculate the remainder when 4946 is divided by 81.
5
Calculate the remainder when 79217 is divided by 406.
47
Calculate the remainder when 56998 is divided by 28.
18
What is the remainder when 207987 is divided by 3714?
3
What is the remainder when 429568 is divided by 270?
268
What is the remainder when 19884 is divided by 324?
120
What is the remainder when 2030286 is divided by 172?
170
What is the remainder when 10582 is divided by 461?
440
Calculate the remainder when 37478 is divided by 128.
102
Calculate the remainder when 138319 is divided by 304.
303
What is the remainder when 137746 is divided by 113?
112
Calculate the remainder when 241541 is divided by 59.
54
Calculate the remainder when 367 is divided by 75.
67
What is the remainder when 701106 is divided by 773?
768
Calculate the remainder when 166405 is divided by 22.
19
Calculate the remainder when 9273 is divided by 24.
9
What is the remainder when 3053 is divided by 1525?
3
Calculate the remainder when 15462 is divided by 15.
12
Calculate the remainder when 131052 is divided by 26208.
12
What is the remainder when 333003 is divided by 23785?
13
Calculate the remainder when 8161 is divided by 2032.
33
What is the remainder when 5520695 is divided by 8?
7
Calculate the remainder when 1373433 is divided by 35.
33
What is the remainder when 7036 is divided by 17?
15
Calculate the remainder when 42321 is divided by 51.
42
What is the remainder when 2182 is divided by 12?
10
Calculate the remainder when 36786 is divided by 11.
2
Calculate the remainder when 22652 is divided by 481.
45
Calculate the remainder when 12617 is divided by 23.
13
Calculate the remainder when 11633 is divided by 1932.
41
Calculate the remainder when 50757 is divided by 42.
21
Calculate the remainder when 3319 is divided by 83.
82
Calculate the remainder when 45547 is divided by 414.
7
Calculate the remainder when 278738 is divided by 53.
11
What is the remainder when 22952 is divided by 448?
104
What is the remainder when 865 is divided by 864?
1
What is the remainder when 283358 is divided by 13?
10
Calculate the remainder when 18153 is divided by 288.
9
Calculate the remainder when 101346 is divided by 173.
141
Calculate the remainder when 2222 is divided by 480.
302
What is the remainder when 31655 is divided by 1581?
35
What is the remainder when 30759 is divided by 6?
3
Calculate the remainder when 53017 is divided by 75.
67
Calculate the remainder when 5455 is divided by 906.
19
Calculate the remainder when 1801 is divided by 628.
545
What is the remainder when 7652 is divided by 7087?
565
Calculate the remainder when 22267 is divided by 170.
167
What is the remainder when 48169 is divided by 79?
58
What is the remainder when 645 is divided by 85?
50
Calculate the remainder when 913 is divided by 40.
33
Calculate the remainder when 84166 is divided by 1379.
47
What is the remainder when 143527 is divided by 463?
460
What is the remainder when 21993 is divided by 188?
185
What is the remainder when 6550 is divided by 1627?
42
Calculate the remainder when 64524 is divided by 2687.
36
What is the remainder when 5350 is divided by 223?
221
What is the remainder when 8852 is divided by 686?
620
What is the remainder when 521 is divided by 249?
23
Calculate the remainder when 27024 is divided by 273.
270
What is the remainder when 11032 is divided by 321?
118
Calculate the remainder when 611 is divided by 159.
134
Calculate the remainder when 39848 is divided by 19922.
4
What is the remainder when 15814 is divided by 1052?
34
Calculate the remainder when 1907 is divided by 842.
223
Calculate the remainder when 2599 is divided by 1293.
13
Calculate the remainder when 64236 is divided by 69.
66
What is the remainder when 214293 is divided by 105?
93
What is the remainder when 390089 is divided by 129?
122
Calculate the remainder when 156111 is divided by 358.
23
What is the remainder when 7138 is divided by 15?
13
Calculate the remainder when 7098 is divided by 190.
68
Calculate the remainder when 446 is divided by 73.
8
Calculate the remainder when 380938 is divided by 7.
5
What is the remainder when 18536 is divided by 1160?
1136
Calculate the remainder when 36646 is divided by 18280.
86
What is the remainder when 1233 is divided by 511?
211
Calculate the remainder when 12581 is divided by 13.
10
What is the remainder when 5525 is divided by 2747?
31
What is the remainder when 281 is divided by 16?
9
What is the remainder when 22202 is divided by 652?
34
Calculate the remainder when 330490 is divided by 24.
10
What is the remainder when 44236 is divided by 22112?
12
What is the remainder when 38128 is divided by 163?
149
Calculate the remainder when 272931 is divided by 307.
8
What